{"id":514,"date":"2021-04-19T21:51:09","date_gmt":"2021-04-19T19:51:09","guid":{"rendered":"https:\/\/aif-bordtennis.dk\/?page_id=514"},"modified":"2025-09-15T09:56:57","modified_gmt":"2025-09-15T07:56:57","slug":"traeningstider-2","status":"publish","type":"page","link":"https:\/\/aif-bordtennis.dk\/?page_id=514","title":{"rendered":"Tr\u00e6ningstider"},"content":{"rendered":"\n<p>I AIF bordtennis&nbsp;er der mulighed for at tr\u00e6ne flere gange om ugen, uanset om du er begynder eller \u00f8vet s\u00e5 har vi altid et hold til dig. Tr\u00e6nerne har selv spillet bordtennis i mange \u00e5r og vil med gl\u00e6de l\u00e6re dig at spille bordtennis.<\/p>\n\n\n\n<h5 class=\"wp-block-heading\">Tr\u00e6ningstider er f\u00f8lgende:<\/h5>\n\n\n\n<figure class=\"wp-block-table is-style-stripes\"><table><tbody><tr><td><strong><span style=\"text-decoration: underline;\"><span class=\"has-inline-color has-black-color\">Ugensdag<\/span><\/span><\/strong><\/td><td><strong><span style=\"text-decoration: underline;\"><span class=\"has-inline-color has-black-color\">Tid<\/span><\/span><\/strong><\/td><td><span style=\"text-decoration: underline;\"><span class=\"has-inline-color has-black-color\">Hold<\/span><\/span><\/td><td><span style=\"text-decoration: underline;\"><span class=\"has-inline-color has-black-color\">Tr\u00e6ner(e)<\/span><\/span><\/td><\/tr><tr><td>Tirsdag<\/td><td>18.00 \u2013 21.00<\/td><td>Senior tr\u00e6ning<\/td><td>Ingen<\/td><\/tr><tr><td>Torsdag<\/td><td>18.00 &#8211; 22.00<\/td><td>Senior tr\u00e6ning<\/td><td>Ingen<\/td><\/tr><tr><td>Fredag<\/td><td>16.00 &#8211; ??<\/td><td>Fri tr\u00e6ning<\/td><td>Ingen<\/td><\/tr><tr><td>L\u00f8rdag\/S\u00f8ndag<\/td><td><\/td><td>Fri tr\u00e6ning\/ St\u00e6vner<\/td><td>Ingen<\/td><\/tr><\/tbody><\/table><\/figure>\n\n\n\n<p><\/p>\n\n\n\n<p><strong>Spillested for seniorer<\/strong>: <\/p>\n\n\n\n<p><strong>Br\u00f8ndagerskolen &#8211; K\u00e6lder<\/strong><br>Nordmarks All\u00e9 20, 2620 Albertslund<\/p>\n\n\n\n<p>Kontakt: Marjan &#8211; tlf. 42 79 11 11<\/p>\n\n\n\n<p>N\u00f8gleboks: Kristian &#8211; tlf. 30 30 43 18<\/p>\n\n\n\n<p><\/p>\n\n\n\n<script>(function (m,o,t,i,v,u,dk) {m['motivu-widget']=i;m[i] = m[i] || function () { (m[i].q = m[i].q || []).push(arguments) };u = o.createElement(t), dk = o.getElementsByTagName(t)[0];u.id = i; u.src = v; u.async = 1; dk.parentNode.insertBefore(u, dk);}(window, document, 'script', 'mw', 'https:\/\/assets.motivu.dk\/js\/widget.js')); mw('init', 'MW-KF3LEM0U');<\/script><div id='motivu'><\/div>\n","protected":false},"excerpt":{"rendered":"<p>I AIF bordtennis&nbsp;er der mulighed for at tr\u00e6ne flere gange om ugen, uanset om du er begynder eller \u00f8vet s\u00e5 har vi altid et hold til dig. Tr\u00e6nerne har selv spillet bordtennis i mange \u00e5r og vil med gl\u00e6de l\u00e6re dig at spille bordtennis. Tr\u00e6ningstider er f\u00f8lgende: Ugensdag Tid Hold Tr\u00e6ner(e) Tirsdag 18.00 \u2013 21.00 ?<\/p>\n","protected":false},"author":1,"featured_media":0,"parent":0,"menu_order":0,"comment_status":"closed","ping_status":"closed","template":"","meta":{"_uag_custom_page_level_css":"","footnotes":""},"class_list":["post-514","page","type-page","status-publish","hentry"],"uagb_featured_image_src":{"full":false,"thumbnail":false,"medium":false,"medium_large":false,"large":false,"1536x1536":false,"2048x2048":false},"uagb_author_info":{"display_name":"admin","author_link":"https:\/\/aif-bordtennis.dk\/?author=1"},"uagb_comment_info":0,"uagb_excerpt":"I AIF bordtennis&nbsp;er der mulighed for at tr\u00e6ne flere gange om ugen, uanset om du er begynder eller \u00f8vet s\u00e5 har vi altid et hold til dig. Tr\u00e6nerne har selv spillet bordtennis i mange \u00e5r og vil med gl\u00e6de l\u00e6re dig at spille bordtennis. Tr\u00e6ningstider er f\u00f8lgende: Ugensdag Tid Hold Tr\u00e6ner(e) Tirsdag 18.00 \u2013 21.00&hellip;","_links":{"self":[{"href":"https:\/\/aif-bordtennis.dk\/index.php?rest_route=\/wp\/v2\/pages\/514","targetHints":{"allow":["GET"]}}],"collection":[{"href":"https:\/\/aif-bordtennis.dk\/index.php?rest_route=\/wp\/v2\/pages"}],"about":[{"href":"https:\/\/aif-bordtennis.dk\/index.php?rest_route=\/wp\/v2\/types\/page"}],"author":[{"embeddable":true,"href":"https:\/\/aif-bordtennis.dk\/index.php?rest_route=\/wp\/v2\/users\/1"}],"replies":[{"embeddable":true,"href":"https:\/\/aif-bordtennis.dk\/index.php?rest_route=%2Fwp%2Fv2%2Fcomments&post=514"}],"version-history":[{"count":25,"href":"https:\/\/aif-bordtennis.dk\/index.php?rest_route=\/wp\/v2\/pages\/514\/revisions"}],"predecessor-version":[{"id":1955,"href":"https:\/\/aif-bordtennis.dk\/index.php?rest_route=\/wp\/v2\/pages\/514\/revisions\/1955"}],"wp:attachment":[{"href":"https:\/\/aif-bordtennis.dk\/index.php?rest_route=%2Fwp%2Fv2%2Fmedia&parent=514"}],"curies":[{"name":"wp","href":"https:\/\/api.w.org\/{rel}","templated":true}]}}